 Let c(x) = 3 - 3*x**d + x**2 + o*x - 3*x - 4. What is c(-1)?
4
Let v(o) = 2*o. Let g(b) = -b**3 + 3*b**2 + b + 2. Let j be g(3). Suppose -7*t - 5 = -2*t - 5*y, 40 = -4*t - j*y. Give v(t).
-10
Let b(q) be the third derivative of -q**4/24 + q**3/6 - 9*q**2. Calculate b(-2).
3
Let b(h) = -3*h**3 - 3*h**2 + 3*h + 5. Let d(l) = 4*l**3 + 4*l**2 - 4*l - 6. Let w(t) = 5*b(t) + 4*d(t). Determine w(-2).
-1
Let l(w) = 2*w - 1. Let q be (-10)/15 - 4/(-6). Suppose q = 3*z - 3*f - 24, 4*z = 2*z + 4*f + 24. Let j = 2 - z. Calculate l(j).
-5
Let g(f) = -7*f + 2. Let v(h) = -4*h + 1. Let n(s) = 3*g(s) - 5*v(s). Let k be -4 + (0 + 2)/(-2). Calculate n(k).
6
Let o(l) be the third derivative of -l**7/5040 - l**5/20 - l**2. Let n(w) be the third derivative of o(w). Determine n(-4).
4
Let u(i) = i**3 + 5*i**2 - 7*i - 3. Let a be (8/6)/(4/(-18)). Let z be u(a). Suppose z = 3*d - 2*d. Let k(b) = -b**3 + 3*b**2. Determine k(d).
0
Suppose -m + 2*x + 4 = 0, -3*m + x - 5 = -12. Let f(c) be the first derivative of -1/4*c**4 + 1 - 3*c + 4/3*c**3 + 5/2*c**m. What is f(5)?
-3
Let p = 9 + -6. Suppose 4*c = 16 - 0. Let i(s) = -2 + 1 - s + c*s - 2*s. What is i(p)?
2
Let q(z) = -z**2 + 9*z - 5. Let p be q(8). Let s(x) = -2*x + 1 - p*x + 7*x. Determine s(4).
9
Let b(l) = -25 - 5*l**2 + 2*l + 24 + 0*l. Give b(1).
-4
Let s = -7 - -10. Let h(l) = l**2 - 3*l**2 + 3*l - 3 + l**2. Calculate h(s).
-3
Suppose -5*i + 4*w - 50 = 0, 3*i - w + 38 = 3*w. Let m be (-1)/(-3)*i/(-2). Let q(a) = -a + 4 + 0 - 3. Calculate q(m).
0
Let h(r) = 7 - r + 4 - 3 - 4. Give h(5).
-1
Let a be -3*((-1)/(-1) + -2). Let k(q) = -4*q**a + q**2 + q - 1 - q**2. Let j be (-4 + 55/15)*-3. Give k(j).
-4
Suppose -2*j + 4*j + 5*b + 11 = 0, -4*j = 4*b + 4. Let c(w) = 7 + 3*w - w**3 - 4*w**2 + 0*w + j*w. What is c(-5)?
7
Let h(i) = i + 2. Let k(g) = -4*g - 6. Let y(c) = -7*h(c) - 2*k(c). Give y(-4).
-6
Let a = -3 + 5. Let s(x) = -2*x**2 + 0*x - 16*x - 10*x - 6 + 13*x**a. Let w(p) = 7*p**2 - 17*p - 4. Let i(u) = -5*s(u) + 8*w(u). What is i(5)?
-7
Let q(j) = 7*j - 1. Let d(b) = 15*b - 2. Let c(s) = 4*d(s) - 9*q(s). Give c(9).
-26
Let l(m) = 3*m + 0*m + 0*m - m - 2. Give l(-5).
-12
Let k = 6 - 7. Let a(h) = -7*h**3 + h**2. Calculate a(k).
8
Suppose -4*n - 14 = -2. Let w(s) = -s**2 - 1 - 2*s + 5 - 1. What is w(n)?
0
Let g = -8 + 12. Let s(x) be the third derivative of -1/120*x**6 + 0*x + 1/12*x**5 - x**2 - 2/3*x**3 + 0 - 1/12*x**4. Determine s(g).
4
Suppose -3*u + 3*j - 15 = 0, -2*j + 9 + 1 = 2*u. Let x(o) be the third derivative of o**2 + 0*o**3 + 0 + u*o - 1/12*o**4. Give x(-3).
6
Suppose 6 = 2*o - 0. Let j(s) = -s + 1. Let w(v) = v**2 - 2*v - 1. Let u be ((-4)/(-1))/((-2)/1). Let x(r) = u*j(r) + w(r). Give x(o).
6
Suppose 16 = 4*o, -4*y = -2*o + 10 + 18. Let f(c) = 2*c**2 + 12*c + 11. Let b(j) = -j**2 - 6*j - 6. Let p(n) = -5*b(n) - 3*f(n). Calculate p(y).
2
Let r(h) be the second derivative of -1/3*h**3 - 1/4*h**4 - 1/2*h**2 - 1/20*h**5 + h + 0. Let w = -30 - -28. What is r(w)?
-1
Suppose 2*r - 11 = -3. Suppose 0 = -2*o - 2*p + 6, r*p - 9 = 5*o + p. Let f(h) = 3*h - 13. Let w(v) = -v + 4. Let g(t) = 3*f(t) + 8*w(t). Give g(o).
-7
Suppose -5*h = -5*j, 5*h + j = -1 + 19. Let f(k) = 2*k + 3 + k**2 - k**h - 2*k**2 - 3 + 1. What is f(-2)?
1
Let c = -14 - -2. Let m(s) = -s - 2. Let i be m(6). Let f = i - c. Let w(a) = -a**2 + 5*a + 4. Determine w(f).
8
Let q(u) = 9*u - 1. Let k(x) = x. Let z(o) = 22*k(o) - 2*q(o). What is z(3)?
14
Suppose 30 = -5*q - 4*b, b = q - 0*b + 6. Let i(d) = -d**2 - 10*d - 9. Give i(q).
15
Let u(s) = s**3 + 4*s**2 + 3*s. Let v be u(-2). Let o = v + -2. Let h(t) = t**3 + t + 9. Determine h(o).
9
Let y(q) be the third derivative of q**5/60 - 5*q**4/24 - 2*q**3/3 + 92*q**2. Let k be (4/(-10))/(1/(-15)). Determine y(k).
2
Let z(p) = -2*p**3 - 3*p**2 - p - 2. Let b(c) = -c**2 + 2*c - 2. Let r be b(0). Give z(r).
4
Let c(z) be the first derivative of -z**4/4 - 7*z**3/3 - 5*z**2/2 + 7*z + 8. Determine c(-6).
1
Let g(a) = -5*a**3 + a**2. Suppose 3*y = -26 + 101. Let f = 26 - y. What is g(f)?
-4
Let c(n) be the third derivative of -n**5/60 + n**4/24 - n**3/6 + 26*n**2. Let x be (-200)/(-11) + (-4)/22. Let w be 22/x - (-6)/(-27). Determine c(w).
-1
Let l(x) = -3 - x - 2 - 4 - 1. Determine l(-5).
-5
Let v(j) = -j**2 + 1. Let d(n) = -n**2 - 12*n - 11. Let a be d(-11). Let b be 0 + a/(-1 + -2). Give v(b).
1
Let b(j) = 2*j - 2. Suppose 0 = 5*c - 3*c + 4. Calculate b(c).
-6
Let h(t) = t + 3. Let u be h(5). Let i = -6 + u. Let n(z) = -5*z + 1. Give n(i).
-9
Let j = -1 + 3. Let i(t) = -t - 3 + 7 + j. Let g be 1/((-3)/6) - -2. Calculate i(g).
6
Let b(d) = -d**2 - 3*d + 6. Suppose -2*u + 2 = 10. Determine b(u).
2
Suppose -5*f - 5*r = 0, 0 = -3*f - 0*r + r - 16. Let z be 4 + ((-3)/(-3) - 2). Let a(l) = -28*l**2 + 1 + 32*l**2 + 3*l**3 - l - 2*l**z. What is a(f)?
5
Let a(x) = -x**2 - 5*x - 3. Let c = 0 - -2. Let t = 0 + 6. Let m = c - t. What is a(m)?
1
Let k = -167 + 61. Let f = k + 43. Let d be 2/(-8) - f/28. Let l(v) = v**3 - 3*v**2 - 3*v + 3. What is l(d)?
-7
Let m(h) = -3*h + 1. Let c(k) = -k**3 + 6*k**2 - 4*k - 2. Let y be c(5). Let u = 9 - y. Let g = u + -4. Give m(g).
-5
Suppose -5 = 5*s - 25. Suppose 7 = 2*w + 5*c + 21, -s*c = -w + 19. Let b(h) = h - 3. Calculate b(w).
0
Suppose 9*q - 7*q = 22. Let f = q + -6. Let t(k) = -k**3 + 4*k**2 + 5*k - 1. Calculate t(f).
-1
Let f be -1*(3 - (-2 + 7)). Let t(b) = f + 3*b - 8 - 2*b + b**2 + 0*b. Calculate t(0).
-6
Let h(o) = 2*o - 4. Let q(y) = -y**2 + 1. Let g(s) = -4*s**3 + 3*s**2 - 2. Let n(x) = g(x) + 2*q(x). Let p be n(-1). Calculate h(p).
6
Let q(f) = -8*f**2 + f. Let l be q(1). Let u = -5 - l. Suppose 0 = -c - 2 - u. Let x(o) = -o**2 - 3*o - 4. Calculate x(c).
-8
Let i be -2*(1/(-1) - -3). Suppose 4 = -2*c - v - v, -5*c = 2*v + 7. Let d be 2*c - (i + -1). Let z(w) = -w**2 + 2*w - 3. Give z(d).
-6
Let b(h) = 0*h**2 - 2*h**3 + 1 + h + 3*h**3 + h**2. Let o(g) = -g**2 + 2*g - 2. Let v be o(1). Give b(v).
0
Let l(c) be the third derivative of -c**4/12 - 5*c**3/6 - 10*c**2. Determine l(-4).
3
Let o(h) = -4*h - 2 + 0*h - h + 3*h. Calculate o(-4).
6
Let q(s) = 3*s. Suppose 0 = 3*f - 12, 2*n - 5*f = -2*n - 32. Give q(n).
-9
Let o(p) = 2*p**3 + 3*p**2 + 2*p + 2 + p**3 + 0. Suppose 0 = -3*m - j - 4, -5*j + 20 = -4*m + 2. What is o(m)?
-14
Let n = 20 - 16. Let o(b) = -b**3 + 4*b**2 + b + 3. Determine o(n).
7
Let y(i) be the first derivative of -i**2/2 + 3*i + 4. Let w be y(0). Let o(q) = q - 3. What is o(w)?
0
Let b(k) be the first derivative of k**3/3 + 2*k**2 + k + 58. Determine b(-3).
-2
Suppose 0 = -2*u - b + 7 + 2, 0 = -5*u + b + 5. Let t(d) = -6*d**2 - d + 1. Calculate t(u).
-25
Suppose 12 = 28*j - 24*j. Let k(r) = -2*r**2 + 3*r. What is k(j)?
-9
Let h(k) = 2 - k**2 - 3*k**2 - k + 3*k**2. Calculate h(-2).
0
Let z(p) = 1 + 0 - p - 4*p + 3*p. Suppose -5*l = -2*l - 5*k + 17, 4*k = 16. Determine z(l).
-1
Let q(i) = -5*i**3 + i**2 - 1. Let v(n) = 6*n**3 + 1. Let g be (-5)/10 + (-9)/2. Let w(b) = g*q(b) - 4*v(b). What is w(5)?
1
Let r(v) = -2 + 3*v + 2*v - 2*v. Let j = 7 + -3. Suppose j*t - 19 = -7. What is r(t)?
7
Let m be 6*(3 + (-21)/9). Let y(u) = -m - 4*u**2 + u + 3 + 9*u**2. Calculate y(1).
5
Let g(d) = -2 - 6 - d**2 + 5 + 5 - 5*d. Let a = 2 - 6. What is g(a)?
6
Let m(n) be the third derivative of n**4/8 - n**3/2 + 34*n**2. Determine m(-4).
-15
Let k(f) = 2*f - 2. Let j(p) = -p**3 - 8*p**2 + 3. Let q be j(-8). Give k(q).
4
Suppose -3*p - 7 = 4*s, -s + 8 = -p + 5*p. Suppose -2*g = 2*k + p*g + 11, 3*g + 15 = -4*k. Let i(h) = 2 - 4 - 5*h + 3*h. Determine i(k).
4
Let s(h) be the third derivative of -h**5/30 + h**4/8 - h**3/6 - h**2. Suppose -3*p + p = g - 2, 0 = -g + 4*p + 2. Calculate s(g).
-3
Let c(r) = 1 + 1 - r**3 - 4*r**2 - 2*r - 1. Suppose 0 = -5*o + 5, 2*o - 23 = j - 8. Let i = j + 9. What is c(i)?
9
Let c(n) = 5*n - 4 + 4 - 1. Let o be (1 - -1)/((-6)/3). Give c(o).
-6
Let f(o) be the first derivative of -3*o**2 + 2*o - 50. Determine f(-3).
20
Let s(r) = -r**3 - r + 5. Let c = -12 - -12. Determine s(c).
5
Suppose 5*a = -5*j - 45, -2*j - 6 = 2. Let t(l) be the first derivative of -6*l + 2 + 1/2*l**2. Determine t(a).
-11
Let p(x) = 7*x + 0*x**3 + 9*x**2 + 7*x**3 - 5*x**3 - 9 - x**3. Give p(-8).
-1
Let v(f) be the first derivative of -f**5/20 - f**4/6 + f**3/3 + 3*f**2/